{"id":924,"date":"2022-05-25T08:06:15","date_gmt":"2022-05-25T08:06:15","guid":{"rendered":"https:\/\/www.ewa.lu\/wer-sind-wir\/historique\/"},"modified":"2025-10-06T13:25:29","modified_gmt":"2025-10-06T13:25:29","slug":"historique","status":"publish","type":"page","link":"https:\/\/www.ewa.lu\/de\/uber-uns\/historique\/","title":{"rendered":"Unser Werdegang"},"content":{"rendered":"<h2><strong><em>Back in the past\u2026 <\/em><\/strong><\/h2>\n<p>2001 beschlossen Charles ENSCH, Yves WALLERS und Ren\u00e9 ALTMANN, die seit 1975, 1989 bzw. 1970 als Steuer- und Wirtschaftsberater t\u00e4tig waren, ihre Kompetenzen zu b\u00fcndeln und <strong>ewa<\/strong> unter dem Namen &#8222;Fiduciaire Ensch, Wallers et Associ\u00e9s SA&#8220; ins Leben zu rufen.<\/p>\n<p>Anschlie\u00dfend gr\u00fcndeten sie Luxsalaires SA, die als Sozialsekretariat fungierte, und Firelux SA, eine Domizilierungsgesellschaft, um die Aktivit\u00e4ten der Gruppe zu vervollst\u00e4ndigen.<\/p>\n<p>Nach dem Ausscheiden von Ren\u00e9 ALTMANN im Jahr 2004 kommen 2005 Daniel REDING und 2007 Marco FIEGER, beide Steuer- und Wirtschaftsberater, hinzu.<\/p>\n<p>Als Charles ENSCH 2010 ebenfalls ausscheidet, \u00e4ndert die Firma ihren Namen in &#8222;EWA Fiduciaire S.A.&#8220;.<\/p>\n<p>&nbsp;<\/p>\n<h2><strong><em>2021 and beyond\u2026<\/em><\/strong><\/h2>\n<p>Das Jahr 2021 stellt f\u00fcr <strong>ewa<\/strong> ein Wendepunkt dar.<\/p>\n<p>Mit der \u00dcbernahme der in Diekirch ans\u00e4ssigen Fiduciaire Thill im Juni 2021 wird die Marktposition von <strong>ewa<\/strong> weiter gest\u00e4rkt und die Belegschaft der Gruppe auf rund 60 Personen erh\u00f6ht.<\/p>\n<p>Nach dem Ausscheiden von Daniel REDING Ende 2021 werden Andr\u00e9 STEICHEN, Gilles WALLERS und Andy ZENNER, alle drei Steuer- und Wirtschaftsberater, als neue Partner in die Gesch\u00e4ftsf\u00fchrung von <strong>ewa<\/strong> eintreten.<\/p>\n<p>Gleichzeitig und in Zusammenarbeit mit Charles BASSING wird EWA Consulting S.A. gegr\u00fcndet.<\/p>\n<p>Diese neue Einheit erweitert die Palette der von der <strong>ewa<\/strong>-Gruppe angebotenen Beratungs- und Unterst\u00fctzungsleistungen.<\/p>\n<p>Zu Beginn des Jahres 2022 tritt Sam KRIES, seit 2019 Direktor von Luxsalaires SA, dem Team der Partner der Gruppe bei.<\/p>\n<p>Im Laufe des Jahres 2023 verl\u00e4sst Andy ZENNER die EWA-Aktion\u00e4rsgruppe, w\u00e4hrend Bob KAILS und Charles BASSING dem Aktion\u00e4rsteam beitreten.<\/p>\n<p>Ende 2023 nimmt Yves WALLERS Kurs auf seinen wohlverdienten Ruhestand und verl\u00e4sst EWA.<\/p>\n<p>&nbsp;<\/p>\n<h2><strong><em>Today\u2026<\/em><\/strong><\/h2>\n<p>Heute besteht die <strong>ewa<\/strong>-Gruppe aus f\u00fcnf Unternehmen und besch\u00e4ftigt rund 60 Mitarbeiter, welches sie zur gr\u00f6\u00dften Steuer- und Wirtschaftsberatungsfirma im Norden des Landes macht.<\/p>\n<p>Die angebotenen Dienstleistungen sowie die Professionalit\u00e4t und Erfahrung der Mitarbeiter basieren auf starken Werten wie Qualit\u00e4t, Kompetenz, Dynamik, Teamgeist, N\u00e4he, Respekt und Vertraulichkeit.<\/p>\n<p>&nbsp;<\/p>\n<h2><em><strong>Fit for future&#8230;<\/strong><\/em><\/h2>\n<p>Diese Werte erm\u00f6glichen es <strong>ewa<\/strong>, die n\u00e4chsten gro\u00dfen Projekte in aller Ruhe anzugehen, wie z. B. den geplanten Umzug in einen neuen multifunktionalen Komplex, der das Wirtschaftsgef\u00fcge des zuk\u00fcnftigen Nordstad bereichern wird.<\/p>\n<p>&nbsp;<\/p>\n<h2><em><strong>Mission statement<\/strong><\/em><\/h2>\n<p>\u00ab\u00a0Als Nr. 1 im Norden des Landes, mit einem dynamischen, kompetenten und proaktiven Team bieten wir qualitativ hochwertige Dienstleistungen an, die es uns erm\u00f6glichen, unsere Kunden bei ihren Projekten und Ambitionen zu unterst\u00fctzen und so unsere Kundschaft zu binden und zu erweitern.\u00a0\u00bb<\/p>\n","protected":false},"excerpt":{"rendered":"<p>Back in the past\u2026 2001 beschlossen Charles ENSCH, Yves WALLERS und Ren\u00e9 ALTMANN, die seit 1975, 1989 bzw. 1970 als Steuer- und Wirtschaftsberater t\u00e4tig waren, ihre Kompetenzen zu b\u00fcndeln und ewa unter dem Namen &#8222;Fiduciaire Ensch, Wallers et Associ\u00e9s SA&#8220; ins Leben zu rufen. Anschlie\u00dfend gr\u00fcndeten sie Luxsalaires SA, die als Sozialsekretariat fungierte, und Firelux [&hellip;]<\/p>\n","protected":false},"author":1,"featured_media":0,"parent":703,"menu_order":32,"comment_status":"closed","ping_status":"closed","template":"page-history.php","meta":{"_acf_changed":false,"footnotes":""},"acf":[],"yoast_head":"<!-- This site is optimized with the Yoast SEO plugin v22.7 - https:\/\/yoast.com\/wordpress\/plugins\/seo\/ -->\n<title>Unser Werdegang - ewa<\/title>\n<meta name=\"description\" content=\"EWA ist die f\u00fchrende Treuhand- und Beratungsgesellschaft im Norden Luxemburgs \u2013 gegr\u00fcndet 2001, getragen von Erfahrung, Qualit\u00e4t und einem engagierten Team.\" \/>\n<meta name=\"robots\" content=\"index, follow, max-snippet:-1, max-image-preview:large, max-video-preview:-1\" \/>\n<link rel=\"canonical\" href=\"https:\/\/www.ewa.lu\/de\/uber-uns\/historique\/\" \/>\n<meta property=\"og:locale\" content=\"de_DE\" \/>\n<meta property=\"og:type\" content=\"article\" \/>\n<meta property=\"og:title\" content=\"Unser Werdegang\" \/>\n<meta property=\"og:description\" content=\"EWA ist die f\u00fchrende Treuhand- und Beratungsgesellschaft im Norden Luxemburgs \u2013 gegr\u00fcndet 2001, getragen von Erfahrung, Qualit\u00e4t und einem engagierten Team.\" \/>\n<meta property=\"og:url\" content=\"https:\/\/www.ewa.lu\/de\/uber-uns\/historique\/\" \/>\n<meta property=\"og:site_name\" content=\"ewa\" \/>\n<meta property=\"article:publisher\" content=\"https:\/\/www.facebook.com\/EWA-Fiduciaire-SA-108851964673834\" \/>\n<meta property=\"article:modified_time\" content=\"2025-10-06T13:25:29+00:00\" \/>\n<meta property=\"og:image\" content=\"https:\/\/www.ewa.lu\/wp-content\/uploads\/2025\/09\/OGT_accueil_1200x630.jpg\" \/>\n\t<meta property=\"og:image:width\" content=\"1200\" \/>\n\t<meta property=\"og:image:height\" content=\"630\" \/>\n\t<meta property=\"og:image:type\" content=\"image\/jpeg\" \/>\n<meta name=\"twitter:card\" content=\"summary_large_image\" \/>\n<meta name=\"twitter:label1\" content=\"Gesch\u00e4tzte Lesezeit\" \/>\n\t<meta name=\"twitter:data1\" content=\"2\u00a0Minuten\" \/>\n<script type=\"application\/ld+json\" class=\"yoast-schema-graph\">{\"@context\":\"https:\/\/schema.org\",\"@graph\":[{\"@type\":\"WebPage\",\"@id\":\"https:\/\/www.ewa.lu\/de\/uber-uns\/historique\/\",\"url\":\"https:\/\/www.ewa.lu\/de\/uber-uns\/historique\/\",\"name\":\"Unser Werdegang - ewa\",\"isPartOf\":{\"@id\":\"https:\/\/www.ewa.lu\/#website\"},\"datePublished\":\"2022-05-25T08:06:15+00:00\",\"dateModified\":\"2025-10-06T13:25:29+00:00\",\"description\":\"EWA ist die f\u00fchrende Treuhand- und Beratungsgesellschaft im Norden Luxemburgs \u2013 gegr\u00fcndet 2001, getragen von Erfahrung, Qualit\u00e4t und einem engagierten Team.\",\"breadcrumb\":{\"@id\":\"https:\/\/www.ewa.lu\/de\/uber-uns\/historique\/#breadcrumb\"},\"inLanguage\":\"de\",\"potentialAction\":[{\"@type\":\"ReadAction\",\"target\":[\"https:\/\/www.ewa.lu\/de\/uber-uns\/historique\/\"]}]},{\"@type\":\"BreadcrumbList\",\"@id\":\"https:\/\/www.ewa.lu\/de\/uber-uns\/historique\/#breadcrumb\",\"itemListElement\":[{\"@type\":\"ListItem\",\"position\":1,\"name\":\"Home\",\"item\":\"https:\/\/www.ewa.lu\/de\/\"},{\"@type\":\"ListItem\",\"position\":2,\"name\":\"\u00dcber uns\",\"item\":\"https:\/\/www.ewa.lu\/de\/uber-uns\/\"},{\"@type\":\"ListItem\",\"position\":3,\"name\":\"Unser Werdegang\"}]},{\"@type\":\"WebSite\",\"@id\":\"https:\/\/www.ewa.lu\/#website\",\"url\":\"https:\/\/www.ewa.lu\/\",\"name\":\"ewa\",\"description\":\"\u00c4r Br\u00e9ck fir d\u2019Zukunft!\",\"publisher\":{\"@id\":\"https:\/\/www.ewa.lu\/#organization\"},\"alternateName\":\"Fiduciaire ewa\",\"potentialAction\":[{\"@type\":\"SearchAction\",\"target\":{\"@type\":\"EntryPoint\",\"urlTemplate\":\"https:\/\/www.ewa.lu\/?s={search_term_string}\"},\"query-input\":\"required name=search_term_string\"}],\"inLanguage\":\"de\"},{\"@type\":\"Organization\",\"@id\":\"https:\/\/www.ewa.lu\/#organization\",\"name\":\"ewa\",\"alternateName\":\"Fiduciaire EWA\",\"url\":\"https:\/\/www.ewa.lu\/\",\"logo\":{\"@type\":\"ImageObject\",\"inLanguage\":\"de\",\"@id\":\"https:\/\/www.ewa.lu\/#\/schema\/logo\/image\/\",\"url\":\"https:\/\/www.ewa.lu\/wp-content\/uploads\/2022\/11\/EWA-Logo.jpg\",\"contentUrl\":\"https:\/\/www.ewa.lu\/wp-content\/uploads\/2022\/11\/EWA-Logo.jpg\",\"width\":756,\"height\":756,\"caption\":\"ewa\"},\"image\":{\"@id\":\"https:\/\/www.ewa.lu\/#\/schema\/logo\/image\/\"},\"sameAs\":[\"https:\/\/www.facebook.com\/EWA-Fiduciaire-SA-108851964673834\",\"https:\/\/www.instagram.com\/ewa_ettelbreck_diekirch\/\"]}]}<\/script>\n<!-- \/ Yoast SEO plugin. -->","yoast_head_json":{"title":"Unser Werdegang - ewa","description":"EWA ist die f\u00fchrende Treuhand- und Beratungsgesellschaft im Norden Luxemburgs \u2013 gegr\u00fcndet 2001, getragen von Erfahrung, Qualit\u00e4t und einem engagierten Team.","robots":{"index":"index","follow":"follow","max-snippet":"max-snippet:-1","max-image-preview":"max-image-preview:large","max-video-preview":"max-video-preview:-1"},"canonical":"https:\/\/www.ewa.lu\/de\/uber-uns\/historique\/","og_locale":"de_DE","og_type":"article","og_title":"Unser Werdegang","og_description":"EWA ist die f\u00fchrende Treuhand- und Beratungsgesellschaft im Norden Luxemburgs \u2013 gegr\u00fcndet 2001, getragen von Erfahrung, Qualit\u00e4t und einem engagierten Team.","og_url":"https:\/\/www.ewa.lu\/de\/uber-uns\/historique\/","og_site_name":"ewa","article_publisher":"https:\/\/www.facebook.com\/EWA-Fiduciaire-SA-108851964673834","article_modified_time":"2025-10-06T13:25:29+00:00","og_image":[{"width":1200,"height":630,"url":"https:\/\/www.ewa.lu\/wp-content\/uploads\/2025\/09\/OGT_accueil_1200x630.jpg","type":"image\/jpeg"}],"twitter_card":"summary_large_image","twitter_misc":{"Gesch\u00e4tzte Lesezeit":"2\u00a0Minuten"},"schema":{"@context":"https:\/\/schema.org","@graph":[{"@type":"WebPage","@id":"https:\/\/www.ewa.lu\/de\/uber-uns\/historique\/","url":"https:\/\/www.ewa.lu\/de\/uber-uns\/historique\/","name":"Unser Werdegang - ewa","isPartOf":{"@id":"https:\/\/www.ewa.lu\/#website"},"datePublished":"2022-05-25T08:06:15+00:00","dateModified":"2025-10-06T13:25:29+00:00","description":"EWA ist die f\u00fchrende Treuhand- und Beratungsgesellschaft im Norden Luxemburgs \u2013 gegr\u00fcndet 2001, getragen von Erfahrung, Qualit\u00e4t und einem engagierten Team.","breadcrumb":{"@id":"https:\/\/www.ewa.lu\/de\/uber-uns\/historique\/#breadcrumb"},"inLanguage":"de","potentialAction":[{"@type":"ReadAction","target":["https:\/\/www.ewa.lu\/de\/uber-uns\/historique\/"]}]},{"@type":"BreadcrumbList","@id":"https:\/\/www.ewa.lu\/de\/uber-uns\/historique\/#breadcrumb","itemListElement":[{"@type":"ListItem","position":1,"name":"Home","item":"https:\/\/www.ewa.lu\/de\/"},{"@type":"ListItem","position":2,"name":"\u00dcber uns","item":"https:\/\/www.ewa.lu\/de\/uber-uns\/"},{"@type":"ListItem","position":3,"name":"Unser Werdegang"}]},{"@type":"WebSite","@id":"https:\/\/www.ewa.lu\/#website","url":"https:\/\/www.ewa.lu\/","name":"ewa","description":"\u00c4r Br\u00e9ck fir d\u2019Zukunft!","publisher":{"@id":"https:\/\/www.ewa.lu\/#organization"},"alternateName":"Fiduciaire ewa","potentialAction":[{"@type":"SearchAction","target":{"@type":"EntryPoint","urlTemplate":"https:\/\/www.ewa.lu\/?s={search_term_string}"},"query-input":"required name=search_term_string"}],"inLanguage":"de"},{"@type":"Organization","@id":"https:\/\/www.ewa.lu\/#organization","name":"ewa","alternateName":"Fiduciaire EWA","url":"https:\/\/www.ewa.lu\/","logo":{"@type":"ImageObject","inLanguage":"de","@id":"https:\/\/www.ewa.lu\/#\/schema\/logo\/image\/","url":"https:\/\/www.ewa.lu\/wp-content\/uploads\/2022\/11\/EWA-Logo.jpg","contentUrl":"https:\/\/www.ewa.lu\/wp-content\/uploads\/2022\/11\/EWA-Logo.jpg","width":756,"height":756,"caption":"ewa"},"image":{"@id":"https:\/\/www.ewa.lu\/#\/schema\/logo\/image\/"},"sameAs":["https:\/\/www.facebook.com\/EWA-Fiduciaire-SA-108851964673834","https:\/\/www.instagram.com\/ewa_ettelbreck_diekirch\/"]}]}},"_links":{"self":[{"href":"https:\/\/www.ewa.lu\/de\/wp-json\/wp\/v2\/pages\/924"}],"collection":[{"href":"https:\/\/www.ewa.lu\/de\/wp-json\/wp\/v2\/pages"}],"about":[{"href":"https:\/\/www.ewa.lu\/de\/wp-json\/wp\/v2\/types\/page"}],"author":[{"embeddable":true,"href":"https:\/\/www.ewa.lu\/de\/wp-json\/wp\/v2\/users\/1"}],"replies":[{"embeddable":true,"href":"https:\/\/www.ewa.lu\/de\/wp-json\/wp\/v2\/comments?post=924"}],"version-history":[{"count":17,"href":"https:\/\/www.ewa.lu\/de\/wp-json\/wp\/v2\/pages\/924\/revisions"}],"predecessor-version":[{"id":3196,"href":"https:\/\/www.ewa.lu\/de\/wp-json\/wp\/v2\/pages\/924\/revisions\/3196"}],"up":[{"embeddable":true,"href":"https:\/\/www.ewa.lu\/de\/wp-json\/wp\/v2\/pages\/703"}],"wp:attachment":[{"href":"https:\/\/www.ewa.lu\/de\/wp-json\/wp\/v2\/media?parent=924"}],"curies":[{"name":"wp","href":"https:\/\/api.w.org\/{rel}","templated":true}]}}

<h2><strong><em>Back in the past… </em></strong></h2>
<p>2001 beschlossen Charles ENSCH, Yves WALLERS und René ALTMANN, die seit 1975, 1989 bzw. 1970 als Steuer- und Wirtschaftsberater tätig waren, ihre Kompetenzen zu bündeln und <strong>ewa</strong> unter dem Namen &#8222;Fiduciaire Ensch, Wallers et Associés SA&#8220; ins Leben zu rufen.</p>
<p>Anschließend gründeten sie Luxsalaires SA, die als Sozialsekretariat fungierte, und Firelux SA, eine Domizilierungsgesellschaft, um die Aktivitäten der Gruppe zu vervollständigen.</p>
<p>Nach dem Ausscheiden von René ALTMANN im Jahr 2004 kommen 2005 Daniel REDING und 2007 Marco FIEGER, beide Steuer- und Wirtschaftsberater, hinzu.</p>
<p>Als Charles ENSCH 2010 ebenfalls ausscheidet, ändert die Firma ihren Namen in &#8222;EWA Fiduciaire S.A.&#8220;.</p>
<p>&nbsp;</p>
<h2><strong><em>2021 and beyond…</em></strong></h2>
<p>Das Jahr 2021 stellt für <strong>ewa</strong> ein Wendepunkt dar.</p>
<p>Mit der Übernahme der in Diekirch ansässigen Fiduciaire Thill im Juni 2021 wird die Marktposition von <strong>ewa</strong> weiter gestärkt und die Belegschaft der Gruppe auf rund 60 Personen erhöht.</p>
<p>Nach dem Ausscheiden von Daniel REDING Ende 2021 werden André STEICHEN, Gilles WALLERS und Andy ZENNER, alle drei Steuer- und Wirtschaftsberater, als neue Partner in die Geschäftsführung von <strong>ewa</strong> eintreten.</p>
<p>Gleichzeitig und in Zusammenarbeit mit Charles BASSING wird EWA Consulting S.A. gegründet.</p>
<p>Diese neue Einheit erweitert die Palette der von der <strong>ewa</strong>-Gruppe angebotenen Beratungs- und Unterstützungsleistungen.</p>
<p>Zu Beginn des Jahres 2022 tritt Sam KRIES, seit 2019 Direktor von Luxsalaires SA, dem Team der Partner der Gruppe bei.</p>
<p>Im Laufe des Jahres 2023 verlässt Andy ZENNER die EWA-Aktionärsgruppe, während Bob KAILS und Charles BASSING dem Aktionärsteam beitreten.</p>
<p>Ende 2023 nimmt Yves WALLERS Kurs auf seinen wohlverdienten Ruhestand und verlässt EWA.</p>
<p>&nbsp;</p>
<h2><strong><em>Today…</em></strong></h2>
<p>Heute besteht die <strong>ewa</strong>-Gruppe aus fünf Unternehmen und beschäftigt rund 60 Mitarbeiter, welches sie zur größten Steuer- und Wirtschaftsberatungsfirma im Norden des Landes macht.</p>
<p>Die angebotenen Dienstleistungen sowie die Professionalität und Erfahrung der Mitarbeiter basieren auf starken Werten wie Qualität, Kompetenz, Dynamik, Teamgeist, Nähe, Respekt und Vertraulichkeit.</p>
<p>&nbsp;</p>
<h2><em><strong>Fit for future&#8230;</strong></em></h2>
<p>Diese Werte ermöglichen es <strong>ewa</strong>, die nächsten großen Projekte in aller Ruhe anzugehen, wie z. B. den geplanten Umzug in einen neuen multifunktionalen Komplex, der das Wirtschaftsgefüge des zukünftigen Nordstad bereichern wird.</p>
<p>&nbsp;</p>
<h2><em><strong>Mission statement</strong></em></h2>
<p>« Als Nr. 1 im Norden des Landes, mit einem dynamischen, kompetenten und proaktiven Team bieten wir qualitativ hochwertige Dienstleistungen an, die es uns ermöglichen, unsere Kunden bei ihren Projekten und Ambitionen zu unterstützen und so unsere Kundschaft zu binden und zu erweitern. »</p>

<p>Back in the past… 2001 beschlossen Charles ENSCH, Yves WALLERS und René ALTMANN, die seit 1975, 1989 bzw. 1970 als Steuer- und Wirtschaftsberater tätig waren, ihre Kompetenzen zu bündeln und ewa unter dem Namen &#8222;Fiduciaire Ensch, Wallers et Associés SA&#8220; ins Leben zu rufen. Anschließend gründeten sie Luxsalaires SA, die als Sozialsekretariat fungierte, und Firelux [&hellip;]</p>

<!-- This site is optimized with the Yoast SEO plugin v22.7 - https://yoast.com/wordpress/plugins/seo/ -->
<title>Unser Werdegang - ewa</title>
<meta name="description" content="EWA ist die führende Treuhand- und Beratungsgesellschaft im Norden Luxemburgs – gegründet 2001, getragen von Erfahrung, Qualität und einem engagierten Team." />
<meta name="robots" content="index, follow, max-snippet:-1, max-image-preview:large, max-video-preview:-1" />
<link rel="canonical" href="https://www.ewa.lu/de/uber-uns/historique/" />
<meta property="og:locale" content="de_DE" />
<meta property="og:type" content="article" />
<meta property="og:title" content="Unser Werdegang" />
<meta property="og:description" content="EWA ist die führende Treuhand- und Beratungsgesellschaft im Norden Luxemburgs – gegründet 2001, getragen von Erfahrung, Qualität und einem engagierten Team." />
<meta property="og:url" content="https://www.ewa.lu/de/uber-uns/historique/" />
<meta property="og:site_name" content="ewa" />
<meta property="article:publisher" content="https://www.facebook.com/EWA-Fiduciaire-SA-108851964673834" />
<meta property="article:modified_time" content="2025-10-06T13:25:29+00:00" />
<meta property="og:image" content="https://www.ewa.lu/wp-content/uploads/2025/09/OGT_accueil_1200x630.jpg" />
	<meta property="og:image:width" content="1200" />
	<meta property="og:image:height" content="630" />
	<meta property="og:image:type" content="image/jpeg" />
<meta name="twitter:card" content="summary_large_image" />
<meta name="twitter:label1" content="Geschätzte Lesezeit" />
	<meta name="twitter:data1" content="2 Minuten" />
<script type="application/ld+json" class="yoast-schema-graph">{"@context":"https://schema.org","@graph":[{"@type":"WebPage","@id":"https://www.ewa.lu/de/uber-uns/historique/","url":"https://www.ewa.lu/de/uber-uns/historique/","name":"Unser Werdegang - ewa","isPartOf":{"@id":"https://www.ewa.lu/#website"},"datePublished":"2022-05-25T08:06:15+00:00","dateModified":"2025-10-06T13:25:29+00:00","description":"EWA ist die führende Treuhand- und Beratungsgesellschaft im Norden Luxemburgs – gegründet 2001, getragen von Erfahrung, Qualität und einem engagierten Team.","breadcrumb":{"@id":"https://www.ewa.lu/de/uber-uns/historique/#breadcrumb"},"inLanguage":"de","potentialAction":[{"@type":"ReadAction","target":["https://www.ewa.lu/de/uber-uns/historique/"]}]},{"@type":"BreadcrumbList","@id":"https://www.ewa.lu/de/uber-uns/historique/#breadcrumb","itemListElement":[{"@type":"ListItem","position":1,"name":"Home","item":"https://www.ewa.lu/de/"},{"@type":"ListItem","position":2,"name":"Über uns","item":"https://www.ewa.lu/de/uber-uns/"},{"@type":"ListItem","position":3,"name":"Unser Werdegang"}]},{"@type":"WebSite","@id":"https://www.ewa.lu/#website","url":"https://www.ewa.lu/","name":"ewa","description":"Är Bréck fir d’Zukunft!","publisher":{"@id":"https://www.ewa.lu/#organization"},"alternateName":"Fiduciaire ewa","potentialAction":[{"@type":"SearchAction","target":{"@type":"EntryPoint","urlTemplate":"https://www.ewa.lu/?s={search_term_string}"},"query-input":"required name=search_term_string"}],"inLanguage":"de"},{"@type":"Organization","@id":"https://www.ewa.lu/#organization","name":"ewa","alternateName":"Fiduciaire EWA","url":"https://www.ewa.lu/","logo":{"@type":"ImageObject","inLanguage":"de","@id":"https://www.ewa.lu/#/schema/logo/image/","url":"https://www.ewa.lu/wp-content/uploads/2022/11/EWA-Logo.jpg","contentUrl":"https://www.ewa.lu/wp-content/uploads/2022/11/EWA-Logo.jpg","width":756,"height":756,"caption":"ewa"},"image":{"@id":"https://www.ewa.lu/#/schema/logo/image/"},"sameAs":["https://www.facebook.com/EWA-Fiduciaire-SA-108851964673834","https://www.instagram.com/ewa_ettelbreck_diekirch/"]}]}</script>
<!-- / Yoast SEO plugin. -->

EWA ist die führende Treuhand- und Beratungsgesellschaft im Norden Luxemburgs – gegründet 2001, getragen von Erfahrung, Qualität und einem engagierten Team.

Über uns

Är Bréck fir d’Zukunft!
